s the units digit of s?
9
Let y(d) = d - 9. Suppose -5*n - 5*r = -2*r - 52, 60 = 5*n + 5*r. Let z be y(n). What is the units digit of -3*1*z - 0?
3
Let x(w) = 74*w - 13. What is the units digit of x(3)?
9
Suppose -j = 3*j + 1176. Let g be 2/6 - j/9. Suppose -4 = -2*h, -h = 4*a - g - 1. What is the units digit of a?
8
What is the units digit of ((-33)/22)/(6/(-16))?
4
Suppose -4*r - 6 - 1 = -f, 4*r + 2*f = -10. Let q(z) = z**3 - z**2 - z + 1. Let d be q(-2). What is the units digit of ((-3)/r)/(d/(-60))?
0
Let c(o) = -2*o - 4. Let y(m) = -m - 4. Let w be y(4). What is the tens digit of c(w)?
1
Suppose 6*j - 45 = 153. What is the tens digit of j?
3
What is the tens digit of (-352)/33*(-9)/2?
4
Let o(g) = -g**3 + 5*g**2 + 6*g + 6. Suppose -a + 6 = -0*a. What is the units digit of o(a)?
6
Let w = -10 - -6. What is the units digit of w/(-6) - 201/(-9)?
3
Let j = -6 + 0. Let l = -1 - j. Suppose 58 = 3*s + l*f, f - 21 - 13 = -2*s. What is the units digit of s?
6
Suppose -3*h + 8 = h. Suppose i + 5 = h*l, -2*i - 2*i = -2*l + 8. Suppose 4*y = -a + 15, l*y - 2*a = -y + 3. What is the units digit of y?
3
What is the units digit of 4 + 4728/14 - 6/(-21)?
2
Let q(j) = -j**2 - 10*j + 7. Let y(z) = z**3 - 4*z**2 - 2*z + 5. Let x be y(3). What is the units digit of q(x)?
7
Let f be 2 + -1 + 158/2. Suppose -8*q = -3*q - f. What is the units digit of q?
6
Let m(n) = 4. Let q(a) = a + 7. Let o(s) = 5*m(s) - 3*q(s). Let z be o(1). What is the units digit of (13 - z)*(0 - -1)?
7
Let b be (-5)/((-2)/(2/1)). Suppose z - b*p = -2*z - 24, 4*z = 3*p - 32. Let g(o) = o**3 + 9*o**2 + 9*o + 10. What is the units digit of g(z)?
2
Let i be (-1)/((-3)/(-2) - 1). Let g(c) = 2*c**2 + c. What is the units digit of g(i)?
6
Suppose 5*x = -4*y + 20, 0 = -3*y - 3*x - 0 + 12. Suppose y*d - 28 = -2*d. What is the tens digit of d?
1
Suppose -g + 10 + 21 = t, -t = 2*g - 64. What is the units digit of g?
3
Let w(x) = -6*x + 5. What is the units digit of w(-4)?
9
Let k(w) = 17*w + 1. Let v be k(1). Suppose 4*q - v = 50. What is the tens digit of q?
1
Suppose -4*j + 84 = -4. Let s = -15 + j. What is the units digit of s?
7
Suppose -5*w - 2 + 22 = 0. Let b(l) = w*l - 3*l - 4 - 4*l. What is the units digit of b(-3)?
5
Suppose -3*z = -5*z + 76. What is the units digit of z?
8
What is the units digit of (-3)/(-6)*6 + 91?
4
Suppose -11*u + 1983 = 223. What is the units digit of u?
0
Suppose -5*i + 2*l = -1, 0 = -4*i - l - l + 8. What is the units digit of (11 - 3 - i) + 1?
8
Suppose 5*x - 5*u - 133 = 602, -2*u - 439 = -3*x. What is the units digit of x?
5
Let g(x) = x**3 - 15*x**2 - 10*x - 37. What is the tens digit of g(16)?
5
Suppose 7*p + 108 = 13*p. What is the units digit of p?
8
Let k(y) = -1 + 0 - 1 + y**2 + 3 - 2*y. Let w be k(1). Suppose -a + w + 14 = 0. What is the units digit of a?
4
Suppose -2*x + 345 = w, -5*x + 2*w = -3*w - 885. What is the units digit of (-4)/12 - x/(-9)?
9
Suppose 376 = 5*r + 3*r. What is the units digit of r?
7
Let i(k) = -k**3 - 7*k**2 + 10*k + 12. Let l be i(-8). What is the tens digit of (-2)/l + 245/10?
2
Let k(y) = y**2 + 7*y - 13. Let b(u) = -u + 1. Let o(l) = -2*b(l) + k(l). What is the units digit of o(-11)?
7
Suppose -2*l + i + 538 = 6*i, -i = 2*l - 554. What is the units digit of l?
9
Let i = -1 - 3. Let f = i - -17. What is the units digit of f?
3
Let h be 3 + 1/(-1) - -1. Let i = h + -3. Suppose 4*y - 8 - 8 = i. What is the units digit of y?
4
Let m(r) = -r**2 - 2*r - 4. Let g be m(-3). Let l = g - -16. What is the units digit of l?
9
Suppose -4*r + 5*r - 4*x - 79 = 0, 5*r - 270 = -5*x. What is the tens digit of r?
5
Let w(z) = -6*z**2 - z. Let b be w(-1). Let o = 20 + b. What is the units digit of o?
5
Let v(q) be the first derivative of -q**4/4 - 5*q**3/3 + 2*q**2 - 2*q - 2. What is the tens digit of v(-6)?
1
Suppose 65 = 5*w + 5*h, 4*w - 5*h = 29 + 5. What is the tens digit of w?
1
Let n(j) = j**3 - 2*j**2 + 2*j - 1. Let k be n(2). Suppose 0 = -2*l + k + 1. Suppose 3*i = 4*y + 29, 0 = -0*y + y + l. What is the units digit of i?
7
Let u = -62 + 159. What is the units digit of u?
7
Let q(g) = -4*g - 6. Let p(l) = l + 0 + 31 + 19*l. Let w(d) = -2*p(d) - 11*q(d). What is the tens digit of w(3)?
1
Let w = -58 + 116. What is the tens digit of w?
5
Suppose -1521 = 3*l - 16*l. What is the tens digit of l?
1
Let z(w) = -18*w + 53. What is the tens digit of z(-7)?
7
Suppose 4*p - 30 = 2*r, -r - 3*r - 3*p - 5 = 0. What is the tens digit of (r + (-6)/(-2))*-5?
1
Let u = 0 + 4. Suppose 67 - 23 = u*n. What is the tens digit of n?
1
Suppose -3*v - 1 = 5*y, y + 3 = -v - 2*y. Suppose v*g = -2 + 53. What is the tens digit of g?
1
Suppose 6*i - 4*i - 21 = 3*h, -5*i + 40 = -5*h. Let u = 10 - 0. Suppose -z - 1 = 0, 0 = 2*w - i*z + 3 - u. What is the units digit of w?
2
What is the tens digit of -12*(-3 + (-15)/12)?
5
Suppose 0 = -5*m + 5 + 15, 0 = 5*r + 4*m - 16. Suppose -f + 1 + r = 0. What is the units digit of f?
1
Let q(i) = 7*i**3 + i**2 + 3*i - 1. Let j be q(2). Suppose 3*v = -11 + j. What is the tens digit of v?
1
Suppose 0 = 3*x + 5*l - 3 - 16, -4*l + 24 = -2*x. Let w = x + -2. Let s = w + 5. What is the units digit of s?
1
Suppose -4*t = -g + 277, g + 0*g + 3*t = 284. What is the hundreds digit of g?
2
Suppose -p = -3*p + 10. Let b = p - 3. Suppose -6 - 6 = -b*q. What is the units digit of q?
6
Let y(j) = -j + 6. Let d be y(6). Let z be (0 - 19/(-1)) + d. Suppose 4*i - z = 3*i. What is the tens digit of i?
1
Suppose 0*j - 2*l = 3*j - 147, 0 = -4*j + 5*l + 196. What is the tens digit of j?
4
Let g = 25 - 16. Suppose -d = -g - 14. What is the units digit of d?
3
Let b(d) = -3*d + 4. Let s(q) = -q + 2. Let r(u) = 2*b(u) - 5*s(u). Suppose -4*j + 4*n + 4 = 24, 4*j + n + 10 = 0. What is the units digit of r(j)?
1
What is the units digit of (-1 + 208)/(-7 + 8)?
7
Suppose 4 = 5*u - u. What is the units digit of u?
1
Suppose -65 = -3*m - p + 22, -5*m = p - 145. Let g = 0 + m. What is the units digit of g?
9
Let a = -8 - -11. Suppose a*o = o + 30. What is the tens digit of o?
1
Suppose 5*m + 3*n = 48, -m + 2*n + 0*n = -20. Suppose -r - 1 = -3*f - 2*r, -4*r - m = 4*f. Suppose -f*a + 12 + 6 = 0. What is the units digit of a?
9
Suppose -2*h + 3*h = 112. What is the units digit of h?
2
Suppose 0 = -l + 2 + 2. Let n = l + 14. What is the tens digit of n?
1
Let p(q) be the third derivative of q**6/120 - q**5/6 + 11*q**4/24 - q**3/3 + q**2. What is the tens digit of p(9)?
1
Let n = 7 + -6. Suppose 3*t + 53 = 4*i, n = 2*t - 1. Suppose -3*o + i = -5*k - 7, 0 = -5*k + 15. What is the tens digit of o?
1
Let c(f) = -27*f**2 - 2*f + 1. Let k be c(1). What is the units digit of (-12)/k - (-8)/14?
1
Let o(j) = j**3 + 6*j**2 - j - 5. Let y be o(-6). Let b = -1 - y. What is the units digit of b/5 + (-44)/(-10)?
4
Let p(y) = y**2 - 5*y - 3. Let v = 0 + 5. Let f be p(v). What is the units digit of 1/(-3) - 19/f?
6
Let t = 5 - -2. Let x = t + -7. Suppose x*o - 2*o - 4 = -4*n, -n + 3*o = -1. What is the units digit of n?
1
Let c(h) = h**2 - h. Let i be c(2). Suppose -i*m - m + 27 = 0. What is the units digit of m?
9
What is the units digit of ((-38)/(-12))/(1/(-4))*-3?
8
Let f(z) = z + 10. What is the units digit of f(0)?
0
Suppose 0 = -3*f + 5*f + 10, 5*n + 3*f = 110. Suppose n = 2*c - 27. What is the units digit of c?
6
Suppose 3*n + 3*d = 8*d + 18, -5*n + 30 = -2*d. Let q be 2/n + 8/(-6). What is the units digit of (18/(1*-3))/q?
6
Let z be 2/7 - (-40)/7. Suppose 3 = a - 2*d - z, 3 = -5*a - 2*d. Suppose 0 = x - a - 11. What is the tens digit of x?
1
Let v(m) = -m**3 - 10*m**2 - 9*m + 3. Let a(p) = p**3 - 7*p**2 - 2*p + 5. Let y be a(7). Let b be v(y). Suppose -2*n = b*n - 15. What is the units digit of n?
3
Let u(p) = 4*p**3 - 2*p**2 - p - 2. Suppose 0 = 3*x + z - 8, 6*x - z - 8 = x. What is the tens digit of u(x)?
2
Let k = 23 + -16. Let u = -6 + k. What is the units digit of u?
1
Let q(o) = o**3 - 5*o**2 - 4*o - 4. Suppose 2*z - 21 = -z. Suppose -3*n - 24 = -z*n. What is the units digit of q(n)?
8
Let u = 0 + -13. Let o = u - -31. What is the tens digit of o?
1
Let y = 174 + -100. What is the tens digit of y?
7
Let h = -46 - -54. What is the units digit of h?
8
Let a = 646 + -327. What is the hundreds digit of a?
3
Suppose 10*u = 12*u - 12. What is the units digit of u?
6
Let v